{"id":16325,"date":"2026-04-01T18:22:31","date_gmt":"2026-04-01T18:22:31","guid":{"rendered":"https:\/\/wworks.com.tr\/babi\/?post_type=product&#038;p=16325"},"modified":"2026-04-23T17:16:58","modified_gmt":"2026-04-23T17:16:58","slug":"ganja-teneke-mum","status":"publish","type":"product","link":"https:\/\/wworks.com.tr\/babi\/urun\/ganja-teneke-mum\/","title":{"rendered":"Ganja &#8211; Teneke Mum"},"content":{"rendered":"<div>\n<div><strong>%100 soya<\/strong> mumu-u\u00e7ucu ya\u011flar-IFRA sertifikal\u0131 esanslar.<\/div>\n<div>Yabani g\u00fcl, \u015fakay\u0131k ve menek\u015fenin pudrams\u0131 bir \u00e7i\u00e7ek\u00a0harman\u0131 ile her an bahar\u0131 ya\u015fay\u0131n.<\/div>\n<div><\/div>\n<div><strong>\u00dcst Notalar:<\/strong> Menek\u015fe, limon<\/div>\n<div><strong>Orta Notalar:<\/strong> \u015eakay\u0131k, erik<\/div>\n<div><strong>Alt Notalar:<\/strong> Bal, Yabani g\u00fcl<\/div>\n<\/div>\n","protected":false},"excerpt":{"rendered":"<p>%100 soya mumu-u\u00e7ucu ya\u011flar-IFRA sertifikal\u0131 esanslar. Yabani g\u00fcl, \u015fakay\u0131k ve menek\u015fenin pudrams\u0131 bir \u00e7i\u00e7ek\u00a0harman\u0131 ile her an bahar\u0131 ya\u015fay\u0131n. \u00dcst<\/p>\n","protected":false},"featured_media":16459,"comment_status":"open","ping_status":"closed","template":"","meta":[],"product_brand":[55],"product_cat":[44,95,36,34,99,40,18],"product_tag":[],"class_list":{"0":"post-16325","1":"product","2":"type-product","3":"status-publish","4":"has-post-thumbnail","6":"product_brand-babi-candles","7":"product_cat-ganja","8":"product_cat-kap-turu","9":"product_cat-kokular","10":"product_cat-mum","11":"product_cat-teneke","12":"product_cat-teneke-mum","13":"product_cat-tum-urunler","15":"first","16":"instock","17":"sale","18":"featured","19":"shipping-taxable","20":"purchasable","21":"product-type-simple"},"_links":{"self":[{"href":"https:\/\/wworks.com.tr\/babi\/wp-json\/wp\/v2\/product\/16325","targetHints":{"allow":["GET"]}}],"collection":[{"href":"https:\/\/wworks.com.tr\/babi\/wp-json\/wp\/v2\/product"}],"about":[{"href":"https:\/\/wworks.com.tr\/babi\/wp-json\/wp\/v2\/types\/product"}],"replies":[{"embeddable":true,"href":"https:\/\/wworks.com.tr\/babi\/wp-json\/wp\/v2\/comments?post=16325"}],"version-history":[{"count":4,"href":"https:\/\/wworks.com.tr\/babi\/wp-json\/wp\/v2\/product\/16325\/revisions"}],"predecessor-version":[{"id":16682,"href":"https:\/\/wworks.com.tr\/babi\/wp-json\/wp\/v2\/product\/16325\/revisions\/16682"}],"wp:featuredmedia":[{"embeddable":true,"href":"https:\/\/wworks.com.tr\/babi\/wp-json\/wp\/v2\/media\/16459"}],"wp:attachment":[{"href":"https:\/\/wworks.com.tr\/babi\/wp-json\/wp\/v2\/media?parent=16325"}],"wp:term":[{"taxonomy":"product_brand","embeddable":true,"href":"https:\/\/wworks.com.tr\/babi\/wp-json\/wp\/v2\/product_brand?post=16325"},{"taxonomy":"product_cat","embeddable":true,"href":"https:\/\/wworks.com.tr\/babi\/wp-json\/wp\/v2\/product_cat?post=16325"},{"taxonomy":"product_tag","embeddable":true,"href":"https:\/\/wworks.com.tr\/babi\/wp-json\/wp\/v2\/product_tag?post=16325"}],"curies":[{"name":"wp","href":"https:\/\/api.w.org\/{rel}","templated":true}]}}