{"id":16609,"date":"2026-04-20T16:14:58","date_gmt":"2026-04-20T16:14:58","guid":{"rendered":"https:\/\/wworks.com.tr\/babi\/?post_type=product&#038;p=16609"},"modified":"2026-04-23T17:36:44","modified_gmt":"2026-04-23T17:36:44","slug":"jamaica-me-crazy-seramik-mum-4","status":"publish","type":"product","link":"https:\/\/wworks.com.tr\/babi\/urun\/jamaica-me-crazy-seramik-mum-4\/","title":{"rendered":"Jamaica Me Crazy &#8211; Seramik Mum"},"content":{"rendered":"<div><strong>%100 soya<\/strong> mumu-u\u00e7ucu ya\u011flar-IFRA sertifikal\u0131 esanslar.<\/div>\n<div>Cennet bah\u00e7esinden evinize, evinizden teninize mistik bir dokunu\u015f. Bolluk ve bereketin simgesi olan incir kokusunu zenginle\u015ftiren palo santo ve sedirin huzur veren notalar\u0131.<\/div>\n<div><\/div>\n<div><strong>\u00dcst Notalar:<\/strong> \u0130ncir, greyfurt<\/div>\n<div><strong>Orta Notalar:<\/strong> Yasemin, siklamen<\/div>\n<div><strong>Alt Notalar:<\/strong> Sedir a\u011fac\u0131, palo santo<\/div>\n","protected":false},"excerpt":{"rendered":"<p>%100 soya mumu-u\u00e7ucu ya\u011flar-IFRA sertifikal\u0131 esanslar. Cennet bah\u00e7esinden evinize, evinizden teninize mistik bir dokunu\u015f. Bolluk ve bereketin simgesi olan incir<\/p>\n","protected":false},"featured_media":16607,"comment_status":"open","ping_status":"closed","template":"","meta":[],"product_brand":[55],"product_cat":[43,95,36,34,98,46,18],"product_tag":[],"class_list":{"0":"post-16609","1":"product","2":"type-product","3":"status-publish","4":"has-post-thumbnail","6":"product_brand-babi-candles","7":"product_cat-jamaica-ma-crazy","8":"product_cat-kap-turu","9":"product_cat-kokular","10":"product_cat-mum","11":"product_cat-seramik","12":"product_cat-seramik-mum","13":"product_cat-tum-urunler","15":"first","16":"instock","17":"sale","18":"featured","19":"shipping-taxable","20":"purchasable","21":"product-type-simple"},"_links":{"self":[{"href":"https:\/\/wworks.com.tr\/babi\/wp-json\/wp\/v2\/product\/16609","targetHints":{"allow":["GET"]}}],"collection":[{"href":"https:\/\/wworks.com.tr\/babi\/wp-json\/wp\/v2\/product"}],"about":[{"href":"https:\/\/wworks.com.tr\/babi\/wp-json\/wp\/v2\/types\/product"}],"replies":[{"embeddable":true,"href":"https:\/\/wworks.com.tr\/babi\/wp-json\/wp\/v2\/comments?post=16609"}],"version-history":[{"count":2,"href":"https:\/\/wworks.com.tr\/babi\/wp-json\/wp\/v2\/product\/16609\/revisions"}],"predecessor-version":[{"id":16698,"href":"https:\/\/wworks.com.tr\/babi\/wp-json\/wp\/v2\/product\/16609\/revisions\/16698"}],"wp:featuredmedia":[{"embeddable":true,"href":"https:\/\/wworks.com.tr\/babi\/wp-json\/wp\/v2\/media\/16607"}],"wp:attachment":[{"href":"https:\/\/wworks.com.tr\/babi\/wp-json\/wp\/v2\/media?parent=16609"}],"wp:term":[{"taxonomy":"product_brand","embeddable":true,"href":"https:\/\/wworks.com.tr\/babi\/wp-json\/wp\/v2\/product_brand?post=16609"},{"taxonomy":"product_cat","embeddable":true,"href":"https:\/\/wworks.com.tr\/babi\/wp-json\/wp\/v2\/product_cat?post=16609"},{"taxonomy":"product_tag","embeddable":true,"href":"https:\/\/wworks.com.tr\/babi\/wp-json\/wp\/v2\/product_tag?post=16609"}],"curies":[{"name":"wp","href":"https:\/\/api.w.org\/{rel}","templated":true}]}}